test common divisor of 40 and 4859855?
5
What is the highest common factor of 174532 and 7?
1
What is the greatest common divisor of 516 and 779712?
12
What is the highest common factor of 49504 and 7552454?
3094
Calculate the highest common divisor of 476885620 and 20.
20
Calculate the greatest common divisor of 714 and 45965586.
102
What is the highest common divisor of 30458652 and 45984?
5748
Calculate the highest common divisor of 323 and 134799851.
323
Calculate the greatest common divisor of 1386 and 52203438.
126
What is the highest common factor of 448658753 and 62?
31
Calculate the highest common factor of 1084810571 and 299.
299
What is the highest common divisor of 8 and 76221016?
8
Calculate the highest common divisor of 656 and 1000892.
164
What is the greatest common divisor of 35 and 40473811?
7
Calculate the greatest common divisor of 476 and 5988386.
34
What is the highest common divisor of 2225878 and 18496?
578
What is the greatest common divisor of 513756 and 87636?
804
What is the greatest common divisor of 51963024 and 1824?
912
What is the greatest common divisor of 6408643 and 125001?
323
What is the greatest common divisor of 84 and 1580854380?
84
Calculate the highest common factor of 446 and 424975114.
446
Calculate the highest common divisor of 25470037 and 2472941.
12553
Calculate the highest common factor of 35448 and 27321.
21
Calculate the greatest common divisor of 485384 and 112216.
664
Calculate the greatest common divisor of 36507 and 71337.
129
Calculate the greatest common factor of 11106 and 20047564.
1234
Calculate the highest common divisor of 52 and 42437876.
52
Calculate the highest common divisor of 60225 and 624525.
825
Calculate the greatest common divisor of 3033 and 7974431.
337
Calculate the greatest common factor of 1336 and 33946424.
1336
What is the greatest common factor of 59208 and 192?
24
What is the highest common divisor of 80 and 9879904?
16
What is the highest common divisor of 40990056 and 204?
12
Calculate the greatest common divisor of 928 and 123612036.
116
Calculate the greatest common divisor of 387 and 2160363.
129
What is the greatest common divisor of 7289 and 1208931673?
7289
Calculate the highest common factor of 1156598456 and 26.
26
What is the greatest common factor of 864021598 and 10758?
3586
Calculate the greatest common factor of 11 and 47859779.
11
Calculate the highest common divisor of 265591 and 32079.
289
What is the greatest common factor of 90977882 and 800040?
13334
What is the greatest common divisor of 1701 and 569499?
21
Calculate the greatest common factor of 2024 and 610664.
8
Calculate the greatest common factor of 1318543 and 203.
29
What is the greatest common factor of 20229 and 1918851?
33
What is the greatest common factor of 2652 and 234262652?
884
Calculate the highest common divisor of 14764 and 1160679242.
7382
Calculate the highest common factor of 12199 and 325391.
11
What is the greatest common divisor of 3558 and 45427358?
1186
What is the highest common factor of 109342 and 169703538?
4754
Calculate the highest common factor of 2100617 and 458.
229
What is the greatest common factor of 322005 and 165?
15
Calculate the highest common divisor of 154400 and 24160.
160
Calculate the highest common divisor of 122 and 1216502443.
61
Calculate the highest common divisor of 50314 and 229504.
22
What is the greatest common factor of 931158 and 173988?
3222
What is the greatest common divisor of 593537 and 1470?
49
What is the highest common divisor of 10626505 and 20?
5
Calculate the highest common factor of 550152169 and 57995.
11599
What is the highest common factor of 398 and 69813578?
398
What is the highest common divisor of 276838 and 570166?
194
Calculate the greatest common factor of 10468775 and 125.
25
What is the greatest common divisor of 4874660 and 2660?
140
Calculate the greatest common factor of 757 and 43259522.
757
What is the greatest common factor of 7166595 and 410?
205
Calculate the highest common divisor of 60156 and 2916.
108
Calculate the greatest common divisor of 6683 and 65969.
41
Calculate the highest common divisor of 2298046062 and 6526.
6526
What is the greatest common factor of 453734210 and 50?
10
What is the highest common factor of 728834847 and 949?
949
Calculate the highest common factor of 125481 and 8003.
151
Calculate the greatest common divisor of 61075 and 118775.
25
What is the highest common factor of 392781 and 141?
3
What is the highest common divisor of 2 and 243137662?
2
Calculate the highest common factor of 16 and 598154.
2
What is the greatest common factor of 972267378 and 316?
158
Calculate the highest common divisor of 94976656 and 12273.
4091
What is the greatest common divisor of 100222725 and 225?
75
What is the greatest common factor of 80400915 and 3430?
1715
What is the greatest common factor of 8140169 and 27008?
211
What is the highest common divisor of 60 and 1515416130?
30
Calculate the highest common divisor of 15864868 and 492.
164
Calculate the highest common divisor of 157598 and 112.
14
What is the highest common divisor of 131198122 and 726?
242
What is the highest common factor of 146 and 49965872?
146
Calculate the highest common factor of 192712 and 5026424.
1768
What is the greatest common divisor of 2669 and 19431?
17
What is the highest common factor of 7223 and 20615?
31
What is the highest common divisor of 22678029 and 870?
87
What is the greatest common divisor of 273056 and 420?
28
What is the highest common factor of 4222608 and 25584?
624
What is the highest common divisor of 10533687 and 423?
141
Calculate the highest common factor of 62712779 and 34.
17
Calculate the highest common divisor of 503335863 and 8748.
2187
What is the highest common factor of 54111 and 165036?
51
Calculate the greatest common divisor of 3 and 29019531.
3
What is the highest common divisor of 23613 and 7813125?
1389
What is the highest common factor of 1228748 and 188?
4
Calculate the greatest common factor of 13220610 and 5889.
39
Calculate the greatest common factor of 347270079 and 20826.
3471
Calculate the highest common factor of 3907903 and 481.
37
Calculate the highest common factor of 496908 and 32742.
1926
What is the highest common factor of 6739 and 175962029?
6739
Calculate the greatest common divisor of 567 and 5729292.
81
Calculate the highest common factor of 174447 and 8782984.
497
What is the greatest common factor of 637072 and 48?
16
What is the highest common factor of 707746 and 1837?
167
Calculate the highest common factor of 393324 and 170620.
1796
What is the greatest common divisor of 108 and 135383604?
12
What is the highest common divisor of 199780 and 666409?
1427
What is the greatest common factor of 136 and 406582489?
17
What is the greatest common factor of 4621675 and 3316?
829
What is the highest common divisor of 16580845 and 7?
1
What is the highest common divisor of 27 and 3695871?
3
Calculate the highest common divisor of 351 and 6860970.
27
Calculate the highest common divisor of 39045 and 128369.
137
Calculate the highest common factor of 112909230 and 280.
70
Calculate the greatest common divisor of 35208 and 142136.
1304
What is the highest common divisor of 72485117 and 107?
107
Calculate the highest common factor of 48 and 11990274.
6
Calculate the highest common factor of 477 and 13751645.
53
What is the greatest common factor of 4399240 and 280?
40
Calculate the highest common divisor of 1831468 and 1060.
212
What is the greatest common divisor of 594516 and 19158?
618
What is the highest common factor of 59782 and 79094?
142
Calculate the greatest common factor of 3993282 and 189.
9
What is the highest common divisor of 286 and 5411912?
22
What is the highest common factor of 23709336 and 12?
12
What is the greatest common factor of 2440286 and 23008?
1438
What is the greatest common factor of 336 and 128196663?
21
Calculate the highest common divisor of 60 and 404292.
12
What is the highest common factor of 1481392 and 310992?
3344
What is the highest common factor of 380 and 37795880?
20
What is the highest common factor of 223734 and 17052?
294
What is the greatest common divisor of 4109920 and 912?
16
Calculate the highest common fa